1?
1110011011000011
In base 2, what is -101 - 1010000010111000?
-1010000010111101
In base 13, what is 3298 - c?
3289
In base 5, what is -242 - -20140?
14343
In base 8, what is 33 - 5700?
-5645
In base 13, what is b47b - 11?
b46a
In base 2, what is 1000100101 - 1110011?
110110010
In base 7, what is 202406 + 40?
202446
In base 5, what is 424 + -1211?
-232
In base 13, what is 969a - 7?
9693
In base 8, what is 13466 - 35?
13431
In base 7, what is -3 + -2205156?
-2205162
In base 14, what is -818d3 - -2?
-818d1
In base 14, what is 868 - -2?
86a
In base 12, what is -1b24 - a5?
-2009
In base 16, what is -1da4 + -4?
-1da8
In base 2, what is 101 + 1010000001001?
1010000001110
In base 15, what is b - -6b04?
6b10
In base 15, what is -a7 + 16c?
b5
In base 3, what is -200012101 + -1002?
-200020110
In base 11, what is 213 - -21?
234
In base 4, what is 11201 + -1101?
10100
In base 15, what is -379b + -52?
-37ed
In base 15, what is e9d8 - 2?
e9d6
In base 4, what is 20 - -12320?
13000
In base 8, what is -5 + 112552?
112545
In base 4, what is 11333211 + -2?
11333203
In base 3, what is -212210011 + -1?
-212210012
In base 15, what is 3 + 4cb61?
4cb64
In base 10, what is -1609608 - 0?
-1609608
In base 7, what is 11 - -154601?
154612
In base 11, what is 3 - 3230a?
-32307
In base 5, what is -2140210 + 1?
-2140204
In base 11, what is 59544 - 2?
59542
In base 7, what is 4432 + 3?
4435
In base 3, what is 1112 - 2010100?
-2001211
In base 7, what is -1 - 5346232?
-5346233
In base 3, what is 12012 - 2001010?
-1211221
In base 8, what is -105161 + -43?
-105224
In base 5, what is -14 + -13012201?
-13012220
In base 7, what is -132046 + 2?
-132044
In base 11, what is -3680 - -15?
-3666
In base 16, what is -632 + -35?
-667
In base 14, what is -795 + -a?
-7a1
In base 16, what is -91 + 17ae?
171d
In base 11, what is -4 + -42494?
-42498
In base 13, what is -3ba - -87?
-333
In base 3, what is -2 + -2102200212?
-2102200221
In base 5, what is 2244441 + 10?
2300001
In base 12, what is -b53 + 3b?
-b14
In base 13, what is 15 - -1809?
1821
In base 12, what is 3102 + 4?
3106
In base 14, what is 22 - 42?
-20
In base 12, what is -2 - -2b0?
2aa
In base 3, what is 22 + 121001202?
121002001
In base 5, what is 440 + 32310?
33300
In base 2, what is -100011011010111 - 11?
-100011011011010
In base 3, what is -20022110000 + 101?
-20022102122
In base 13, what is -7185 + 4?
-7181
In base 12, what is 33 + 64a1?
6514
In base 10, what is 17 - 6912?
-6895
In base 8, what is -207412 - 4?
-207416
In base 7, what is -1110355 + 3?
-1110352
In base 16, what is -4d - 62c?
-679
In base 5, what is 3414 + -301?
3113
In base 3, what is -100111 - -2022?
-21012
In base 14, what is 15 - 419?
-404
In base 16, what is -5ea84 + 4?
-5ea80
In base 10, what is 7837 + 1?
7838
In base 7, what is 6462 - -26?
6521
In base 3, what is 11 + 11212210?
11212221
In base 11, what is 187556 - 3?
187553
In base 8, what is -225637 + -4?
-225643
In base 12, what is -1162 + 219?
-b45
In base 4, what is 11 + 321222110?
321222121
In base 14, what is -c348d - 2?
-c3491
In base 14, what is 147a9 - -8?
147b3
In base 6, what is -223 + -514?
-1141
In base 2, what is 100100 - -1110001000?
1110101100
In base 7, what is -2342 - 221?
-2563
In base 5, what is -1320 + 3014?
1144
In base 2, what is 1 + 1001101010001011110?
1001101010001011111
In base 15, what is -3 - -a846?
a843
In base 15, what is 53ebe + 4?
53ec3
In base 10, what is 3964 - -4?
3968
In base 2, what is -10001010011000 + 1101?
-10001010001011
In base 6, what is -20142 + -4?
-20150
In base 16, what is 1 + 1fb5?
1fb6
In base 14, what is 15b + -3d?
11c
In base 11, what is -a927 - 5?
-a931
In base 6, what is -13335 + -541?
-14320
In base 12, what is 307 + -29?
29a
In base 6, what is -3 - 540335?
-540342
In base 5, what is 1040 + -103220?
-102130
In base 15, what is -bc392 + -8?
-bc39a
In base 14, what is -26c - 1ca?
-458
In base 14, what is 169b5 - -18?
169cd
In base 7, what is -35362 - 1?
-35363
In base 8, what is 450 + 332?
1002
In base 15, what is -4 + 3746?
3742
In base 4, what is -2132 + 13322?
11130
In base 13, what is ab4 - 115?
99c
In base 2, what is 110000010110011100010 - 11?
110000010110011011111
In base 10, what is -479234 - -3?
-479231
In base 4, what is -23313312300 + -2?
-23313312302
In base 2, what is -1101 - 1001101110111?
-1001110000100
In base 16, what is -7d - 23?
-a0
In base 14, what is 3 + -98c2?
-98bd
In base 10, what is 18 + -61599?
-61581
In base 9, what is -12137878 + -1?
-12137880
In base 10, what is 1 + 8216?
8217
In base 6, what is 2 - -4150023?
4150025
In base 15, what is -1a + -2255?
-2270
In base 11, what is -539 + -36a?
-8a8
In base 2, what is 101 + 1010010011110?
1010010100011
In base 16, what is -76 + 5ed?
577
In base 5, what is 1 + 1242312?
1242313
In base 10, what is 10966 - 4?
10962
In base 11, what is 515a - -667?
5816
In base 11, what is 204481 - -2?
204483
In base 9, what is 14247 - -2?
14250
In base 6, what is 4 - -235542?
235550
In base 12, what is -a + -3b04?
-3b12
In base 2, what is -11 + -1000011100011110?
-1000011100100001
In base 6, what is -15244540 + -2?
-15244542
In base 16, what is -3bc62 + 0?
-3bc62
In base 14, what is 4 + a88b?
a891
In base 6, what is -3423 - 110?
-3533
In base 16, what is 23f - -1584?
17c3
In base 6, what is 1 - -1244542?
1244543
In base 4, what is -31023012 - 11?
-31023023
In base 14, what is -2241 - -19?
-2226
In base 5, what is -1240 + 30300?
24010
In base 2, what is -110001001110 + 111?
-110001000111
In base 11, what is 10 + 15a1?
1601
In base 5, what is -2034 + 112021?
104432
In base 9, what is -25 + 4167?
4142
In base 5, what is 122 - 404430?
-404303
In base 6, what is -31133 - 14?
-31151
In base 11, what is -5921 - 24?
-5945
In base 8, what is -2710 - 1704?
-4614
In base 7, what is 15 - 5424?
-5406
In base 11, what is 1100 - -159?
1259
In base 16, what is 4 - -38da?
38de
In base 12, what is -5 - -4689?
4684
In base 12, what is -5 + 32514b?
325146
In base 14, what is 5 + -51ad2?
-51acb
In base 8, what is 1315 - -40?
1355
In base 8, what is -36 + 760?
722
In base 13, what is 23842 - -b?
23850
In base 15, what is 27 + -126e?
-1247
In base 11, what is 5 - -9560?
9565
In base 6, what is 24 + -12214?
-12150
In base 15, what is -46889 - 5?
-4688e
In base 12, what is 129 - -14694?
14801
In base 14, what is 2d + 8d7?
926
In base 11, what is -160 - -326?
176
In base 10, what is 103518 + 1?
103519
In base 5, what is -3014 - -4240?
1221
In base 6, what is -15 - 31241?
-31300
In base 16, what is 3 - -1222eb?
1222ee
In base 13, what is 80c00 - 3?
80bca
In base 2, what is -10 - 11010111111?
-11011000001
In base 4, what is 3 + -330300010?
-330300001
In base 8, what is -62 - 336?
-420
In base 6, what is 2 - -4002530?
4002532
In base 13, what is -8367 + -7?
-8371
In base 10, what is -3 + -1068649?
-1068652
In base 3, what is 1222 + 1102201212?
1102210211
In base 9, what is 25 + 366?
402
In base 7, what is 130 - 25143?
-25013
In base 8, what is -2 + -3332006?
-3332010
In base 13, what is -871 - 35?
-8a6
In base 15, what is 1be + 5?
1c4
In base 15, what is -ab + 3e?
-6c
In base 10, what is 5 + -10418?
-10413
In base 16, what is 0 - 61bc9?
-61bc9
In base 6, what is -11425 - -1313?
-10112
In base 5, what is -10023 - -3?
-10020
In base 5, what is -33401 + -12?
-33413
In base 13, what is -32936 - -5?
-32931
In base 7, what is -4046623 + -1?
-4046624
In base 8, what is -36634 + 2?
-36632
In base 13, what is 350 + 4b?
39b
In base 5, what is 2 - -23103?
23110
In base 7, what is 15555145 - 1?
15555144
In base 15, what is -3 + 442a?
4427
In base 5, what is -121121412 + 1?
-121121411
In base 8, what is 3011432 - 5?
3011425
In base 7, what is 312242 + -16?
312223
In base 2, what is -11111101001 + 1010010?
-11110010111
In base 3, what is 2221021212 - 10?
2221021202
In base 5, what is 103220 - 11?
103204
In base 9, what is 1143 + -148?
884
In base 10, what is 66 + 1267?
1333
In base 9, what is 24 - 60146?
-60122
In base 7, what is 123256 - -5?
123264
In base 7, what is -26126 + -114?
-26243
In base 12, what is -2bab1 - -5?
-2baa8
In base 2, what is 1010011010 + 10000010?
1100011100
In base 10, what is 42 - -3810?
3852
In base 4, what is -2222211 + -103?
-2222320
In base 10, what is -1 + 15952?
15951
In base 16, what is d41 + -fc?
c45
In base